r of 26 and x.
26
Let x(d) = 4*d + 182. Let m be x(-30). Calculate the highest common divisor of m and 1054.
62
Let d(v) = 1223*v**2 + 8*v + 7. Let k be d(-1). Calculate the greatest common factor of k and 26.
26
Let b = 419 - 251. Calculate the highest common factor of 21 and b.
21
Let m be (-94)/10 + (-2)/(-5). Let n = -4 - m. Suppose -n*k + 9 = -4*k. Calculate the highest common divisor of k and 6.
3
Let x(y) = 865*y**3 - y**2 - y + 1. Let d be x(1). What is the greatest common factor of d and 54?
54
Suppose -27*g + 30*g = 0. Let p be (2 - g)*(-49)/(-14). What is the greatest common divisor of 1 and p?
1
Suppose 290*g - 304*g = -224. Suppose -2*o - 3*o = -190. Let n be (o - -2)/(1/1). What is the greatest common factor of n and g?
8
Suppose -4*w = -7*w + 252. Calculate the greatest common factor of 112 and w.
28
Let m be -3*(-4)/24*0. Let s be 6*(5/6 - m). Suppose -2*u + s = -7. Calculate the greatest common divisor of u and 9.
3
Let r(y) be the third derivative of 19*y**6/120 - y**4/12 + y**3/6 - 33*y**2. Let v = 2 + -1. Let b be r(v). Calculate the greatest common factor of 72 and b.
18
Let u = 77 + -32. Suppose -6*s + 5*f + u = -s, -5*s = -4*f - 41. Suppose 51 = s*k - 5*n - 14, 67 = 4*k + n. What is the greatest common divisor of 16 and k?
16
Suppose -5*m - 3 = -53. Suppose 14 = m*f - 556. What is the greatest common divisor of f and 399?
57
Let d(y) = -y**2 + 13 + 13 - 11 - 8*y + 30*y. Let z be d(22). What is the highest common divisor of 120 and z?
15
Let a be 5/((-60)/18)*22/(-3). Suppose 3*z - 1 = a. Calculate the highest common divisor of 14 and z.
2
Let r be (-210)/(-51) - (-2)/(-17). Suppose 4*p = -p - 5*n + 15, r*p - 18 = -2*n. What is the highest common divisor of 66 and p?
6
Let r be 50 - 15/(6/2). Calculate the greatest common factor of 30 and r.
15
Let v = 24 + -4. Suppose 13*p + 154 = 1194. Calculate the highest common factor of v and p.
20
Let r be 0 + (9 - 0)/3. Suppose 2*d + 42 = 3*i, 2*i = -r*d + 9 + 6. Suppose 3*j - 6 - i = 0. Calculate the greatest common factor of j and 2.
2
Let w(m) = -m**2 - 4*m + 14. Let i be w(-6). Let r be 7/((-35)/i)*-10. Let s be (5 + 0)*(-8)/(-1). What is the greatest common factor of s and r?
4
Suppose 4*x + 19 = -3*w, 2*x = -w - w - 12. Let g be -10*(x - (-6)/10). Calculate the highest common factor of 32 and g.
4
Let f(w) = -35*w - 30. Let t be f(-2). Let b be (-1)/(-1) + -2 + 5. What is the greatest common divisor of t and b?
4
Let a(q) = 11*q**2 + 6*q + 3. Let i be a(-1). Let d = -5 - -5. Suppose k + 3*k - 160 = d. What is the highest common divisor of k and i?
8
Let q(h) = -2*h + 78. Let s be q(15). Calculate the highest common divisor of 60 and s.
12
Let x = -1097 + 1109. Suppose -k - 26 = -3*k - q, 3*q - 18 = -k. What is the highest common divisor of k and x?
12
Let l be (-1)/(-2) + (-1090)/(-4). Calculate the highest common factor of l and 117.
39
Suppose 0 = 3*x - 10*x - 3*x. Suppose 6*z = -x*z + 552. Calculate the greatest common factor of 23 and z.
23
Let g(n) = n**3 - 14*n**2 - n + 14. Let m be g(14). Suppose m = -3*s + 4*s - 36. What is the highest common divisor of 48 and s?
12
Let v(m) = 52*m + 681. Let h be v(-13). Let t(u) = -3*u - 1. Let n be t(-2). Calculate the greatest common factor of h and n.
5
Let z = -66 + 24. Suppose 0 = -2*v + 5*a + 31, 10*v - 13*v + 29 = -4*a. Let m be 6/v - (z + 0). What is the greatest common factor of m and 4?
4
Suppose -4*r - 41 = 23. Let o = r - -21. What is the greatest common divisor of o and 45?
5
Suppose 218*a - 120 = 212*a. What is the greatest common divisor of 100 and a?
20
Let u(m) = 32*m**2 - m + 1. Let r be u(1). Let q(z) = 88*z - 260. Let w be q(3). Calculate the greatest common divisor of w and r.
4
Suppose 2*u - 9 = -2*m - u, 2*u = 3*m + 6. Let b be -2*(171/(-18) + (m - -1)). What is the greatest common divisor of 34 and b?
17
Let t(i) = 29*i**2 - 2*i - 2. Let m be t(2). Let z(f) = 2*f + 2. Suppose 4 = 2*k - k. Let r be z(k). What is the highest common factor of m and r?
10
Let g = -80 - -171. What is the highest common factor of 143 and g?
13
Suppose 45359 = 53*d - 48080. Calculate the greatest common divisor of d and 43.
43
Suppose -n - 58 = -69. Let m be 0 - (-266)/11 - 2/n. Let l = -52 - -112. What is the greatest common divisor of l and m?
12
Let b = 13 + -8. Suppose 2*m = 4, -2*a - m + 72 = -b*m. Let v = a + -22. What is the greatest common factor of 18 and v?
18
Let z(a) = -a + 5. Let s be z(0). Suppose w + 3 - s = 0. Let f be w/(-1) - (-1 - 3). What is the highest common factor of f and 1?
1
Let b be (28/20 + -1)*10. Suppose 0 = c - 5*c - b*z + 4, 0 = 5*c - 5*z + 25. Let p = 8 - c. Calculate the greatest common factor of p and 10.
10
Suppose 12 = -4*k - 5*r, k + 4 - 1 = -r. Let x = 7 - k. What is the greatest common factor of x and 10?
10
Suppose 10*o = -1474 + 5544. What is the highest common divisor of 22 and o?
11
Let b(d) = -d**3 - 20*d**2 - 4*d + 4. Let v be b(-20). Calculate the greatest common divisor of 96 and v.
12
Suppose -168 - 987 = -15*j. Calculate the highest common divisor of j and 616.
77
Suppose 3*i - 4 = 11. Let q = 4 + -4. Suppose q = 3*d - 3*w - 18, -2*d - 2*w = w - 32. What is the greatest common factor of i and d?
5
Let i be 1/((-31)/32 - -1). Suppose 2*n = 8, g - n = -0*n + i. Suppose 0 = 2*w + h - 29 - 18, h - 71 = -3*w. What is the greatest common divisor of w and g?
12
Let w = -5 + 8. Suppose -w*g + 5*g + 3*d = 18, 3*g + 5*d = 29. Suppose g*v + 2*i = 46, 2*v + 7 - 31 = 2*i. Calculate the highest common divisor of 21 and v.
7
Let o be 6 + 1 + -2 - (-1 - -1). Suppose v - 3*l = -l + 16, -2*v + 28 = -o*l. Calculate the highest common divisor of 60 and v.
12
Let s = 1676 - 1652. What is the highest common factor of s and 24?
24
Let p be (-14724)/(-46) - (-5 - 936/(-184)). What is the greatest common factor of 128 and p?
64
Let g be (-4)/(-14) - (21702/(-14))/3. Let y = -47 - -94. Calculate the greatest common factor of g and y.
47
Let x be ((-6)/8*-19)/(48/128). What is the greatest common factor of 323 and x?
19
Let p be 1 + 2/2 - (85 - 86). What is the greatest common divisor of p and 15?
3
Suppose -201 = -4*w - 5*l, -w + 66 = -6*l + 2*l. Suppose -r = 4*r - 2*p - 129, 15 = 5*p. Let d = r - -9. Calculate the highest common divisor of w and d.
18
Let n = 23 - 19. Suppose -n*a - 2*v + 150 = 0, -3*a + 115 = v - 0*v. What is the greatest common factor of 8 and a?
8
Suppose -60 = -2*b + 2*c, 0*b - c = -5*b + 142. Calculate the highest common divisor of 77 and b.
7
Let x = -1780 + 4651. What is the highest common factor of x and 29?
29
Let k(j) = 5*j**2 + 15*j + 31. Let f be k(5). Suppose -86 + 23 = -3*z. What is the highest common factor of f and z?
21
Suppose 0 = -15*i + 1690 + 8645. Calculate the highest common divisor of i and 52.
13
Suppose -10*s = -4*r - 15*s + 103, -100 = -4*r - 4*s. Let z = -3 + 25. What is the greatest common factor of r and z?
22
Suppose -97*c + 104*c = 35. What is the greatest common factor of 15 and c?
5
Let c = 3 - -14. Let j = 1152 - 1084. Calculate the greatest common factor of j and c.
17
Let k be 2/4*10 + (-84)/(-6). Calculate the greatest common factor of 3667 and k.
19
Suppose 3*m - 7 = 5*q, 5*q + 6 = 2*m - 2. Let s be 27 + -19 + q/(1 + -3). Calculate the highest common factor of 72 and s.
9
Let d(t) be the first derivative of 21*t**2/2 - 14*t - 11. Suppose 0 = 5*g + 5 - 25. Let h be d(g). Calculate the highest common divisor of 10 and h.
10
Suppose -5 = -4*i + 7. Let n(v) = v**2 - 8*v - 12. Suppose -3*u = -6*u + 33. Let s be n(u). What is the greatest common factor of s and i?
3
Suppose -5*n + 659 + 661 = 0. What is the greatest common factor of 462 and n?
66
Let u(b) = 3*b**2 + b - 2. Let a be u(2). Suppose -2 = -j - 2*z + a, -5*z = 5*j - 65. Calculate the greatest common factor of j and 120.
12
Suppose -j + 14*c - 17*c = -24, -59 = -2*j + 5*c. Calculate the greatest common factor of 108 and j.
27
Let v = -3129 + 3207. Let l(h) = -h**3 - 3*h**2 - 3*h - 2. Let j be l(-4). Calculate the greatest common factor of v and j.
26
Let v(p) = -4*p**3 + 33*p**2 - 10*p - 16. Let k be v(7). Calculate the highest common divisor of 212 and k.
53
Suppose -4 = 6*d + 2. Let q be d*(2 + -1) + 3. Suppose 2*s + 2*r = 20 - 4, -2*r = q. Calculate the greatest common factor of 9 and s.
9
